ulate the greatest common factor of n and 4.
4
Let s(q) = q**3 + 7*q**2 + 9*q - 5. Let j be s(-6). Let g = j - -43. Calculate the highest common factor of 50 and g.
10
Let k = 1 - -1. Suppose -3*h = -19 - k. Calculate the greatest common factor of h and 49.
7
Let j = 859 - 179. Suppose 7*c - 2*c = j. Suppose 11*g = 14*g - 51. What is the greatest common divisor of g and c?
17
Suppose -s - 5*o + 47 = 0, 2*s + 0*s - 34 = 5*o. Calculate the highest common divisor of s and 9.
9
Let i be (-83)/(-9) - 2/9. Let u = -29 + 41. Suppose w - u = 6. What is the highest common divisor of i and w?
9
Suppose -4*r + 20 + 24 = y, -2*y = 4*r - 92. Calculate the highest common factor of 12 and y.
12
Let l be -2*(75/2)/(-3). Suppose -4*b + 59 = -l. Let q be (-2 - b/(-9))*15. What is the greatest common factor of q and 25?
5
Suppose 0 = -4*k + 5*w - 27, -4*k - 4*w + 0*w = 0. Let v be k/(-1)*(-70)/(-30). What is the highest common factor of v and 21?
7
Suppose 5*i = 5*u - 20, 9*u - 10 = 4*u + 3*i. Let t be (5 - 7) + u + 7. Calculate the highest common factor of t and 20.
4
Suppose 5*o - 4*j = 316, 0 = o - 5*j - 124 + 44. What is the highest common factor of o and 40?
20
Suppose -5*p = -43 - 197. What is the highest common factor of p and 12?
12
Suppose -3*f + y + 2 + 37 = 0, -3*y - 65 = -5*f. What is the greatest common divisor of f and 195?
13
Suppose -5*y = -4*y - 9. Let f be (-49)/(-3) + 6/y. What is the highest common divisor of f and 187?
17
Let l(s) = -s**3 + 4*s**2 - 2*s - 1. Let v be l(3). Let t be 1/v + 8/16. What is the greatest common factor of t and 3?
1
Let o(g) = -g + 2. Let a be o(-3). Suppose 2*q - 217 + 45 = 4*u, -5*q = a*u - 385. Calculate the greatest common divisor of q and 10.
10
Suppose 3 - 14 = -q. Let g(a) = -a**3 - 3*a**2 - 5. Let x = -4 - 0. Let c be g(x). What is the highest common factor of c and q?
11
Suppose 460 = 4*o - 2*w + 2, -2*o = 3*w - 241. Let p = o - 28. What is the greatest common factor of p and 8?
8
Let b(m) = m**2 - 14*m + 39. Let a be b(14). Calculate the highest common divisor of 26 and a.
13
Suppose 11*j + 467 = 2007. What is the highest common divisor of 20 and j?
20
Suppose 3*x - 298 = x. Suppose 4*w - 5*m = x, 2*w - 2*m - 110 = -w. Calculate the highest common divisor of 9 and w.
9
Let j = 211 - 120. Let p be ((-4)/2)/((-4)/26). Calculate the greatest common divisor of p and j.
13
Let m(u) = -u**3 - 7*u**2 - 7*u + 4. Let l be m(-6). What is the greatest common divisor of l and 90?
10
Let o(f) = f**3 + 7*f**2 + 3*f - 1. Let z be o(-5). Let u = 47 - z. Calculate the highest common divisor of u and 26.
13
Suppose -4*o = -6 - 6. What is the greatest common divisor of o and 21?
3
Suppose 5*o + 0*o - d = 0, o + 5*d = 0. Suppose -5*x + c + 298 = o, 3*x - 3*c - 174 = -0*c. Let a = x + -24. What is the greatest common factor of 4 and a?
4
Let l(x) = 3*x**3 - x**2 + x + 2. Let u be l(2). Suppose -3*h - h = -12. What is the greatest common divisor of u and h?
3
Suppose 2*l = -0*l - 28. Let n = l - -49. Calculate the highest common factor of 7 and n.
7
Let x(k) = k**2 - 3*k + 8. Let w be x(4). What is the highest common divisor of 6 and w?
6
Suppose 0 = v - 2 - 6. What is the greatest common factor of 32 and v?
8
Let c be (-3)/(-15) - ((-134)/5 - 0). Calculate the greatest common divisor of 3 and c.
3
Let c = 25 - 41. Suppose -7 - 37 = 2*h. Let t = c - h. Calculate the highest common factor of 3 and t.
3
Let d be ((-6)/3)/(1/2). Let l be d/18 + (-74)/(-9). Let f be 67 - 1 - (-5 - -7). What is the highest common divisor of f and l?
8
Let h(l) = -l**3 - 6*l**2 - 5*l + 2. Let n be h(-5). Suppose n*m + 3*v - 108 = -m, 3*m - 3*v - 132 = 0. What is the greatest common divisor of 16 and m?
8
Let a(k) = 12*k**2 - k - 1. Let c be a(2). Let l(j) = j**3 + 5*j**2 - 8*j - 3. Let w be l(-6). What is the greatest common factor of w and c?
9
Let p = -116 - -221. Let x(r) = -4*r + 4. Let q be x(2). Let s be (p + 3)/((-6)/q). Calculate the greatest common divisor of s and 9.
9
Suppose -3*f - 2 = 2*a + 1, 3*f - 39 = 5*a. Let p be ((-38)/a)/(2/(-6)). Let s = 27 + p. What is the highest common factor of 88 and s?
8
Let g = 261 + -78. Suppose -g = -2*t + 73. Calculate the highest common factor of 16 and t.
16
Let w be (-6)/8*((-28)/4 + -101). Calculate the highest common factor of 9 and w.
9
Let j(m) = 2*m**2 - 20*m - 16. Let z be j(12). Calculate the highest common divisor of 4 and z.
4
Let a(m) = m**3 + 8*m**2 - m - 1. Let o be a(-8). What is the greatest common factor of o and 56?
7
Suppose 4*g = -4 + 16. Suppose z - g = -0*z. Calculate the highest common divisor of z and 15.
3
Let j = -25 + 27. Calculate the greatest common divisor of 8 and j.
2
Let n(i) = i**2 + 2*i + 12. Let k be n(-8). Suppose 5*l - 25 = 2*p + 50, -4*p = 3*l - 45. Calculate the greatest common divisor of k and l.
15
Let l = -7 - -15. Suppose 0 = 5*t - 17 - l. Suppose p - 3 = -2. What is the greatest common factor of p and t?
1
Let s = -23 + 40. Let c = 19 - s. What is the greatest common factor of 18 and c?
2
Let c be -1 + 29 + (6 - 6). Calculate the greatest common divisor of 70 and c.
14
Suppose 21 - 2 = p - o, -5*p = -2*o - 107. Let d = 43 - p. Calculate the greatest common divisor of d and 220.
20
Let y(f) = -f**2 - 15*f + 14. Let o be y(-13). What is the highest common divisor of o and 10?
10
Suppose -5*s - 12 = -l - 2*l, -5*s + l = 14. Let m = 7 + s. Suppose -4*y = m*j - 352, -4*j + 4*y + 320 = -0*y. Calculate the greatest common factor of 12 and j.
12
Let u be 5*2/(10/9). Suppose -3*k + 180 = k. Calculate the greatest common divisor of u and k.
9
Suppose 2*q + 2*q = 352. Calculate the highest common factor of q and 11.
11
Let c(r) be the third derivative of -r**6/120 - 2*r**5/15 + r**4/4 - r**3/2 - 2*r**2. Let o be c(-9). What is the highest common divisor of o and 3?
3
Let i be (-1)/(1 - (-3)/(-2)). Suppose -l - 3*f + 20 = 7, 20 = -4*f. Suppose -w = -3*w + l. What is the greatest common factor of w and i?
2
Let s = 9 + 12. Suppose 6*o = 13 + 71. Calculate the greatest common divisor of o and s.
7
Suppose 3*i - 2*t - 4 = 2*t, 0 = 4*i - 4*t - 8. Suppose -i*u - u + 120 = 0. Calculate the highest common factor of u and 36.
12
Let h(m) = -6*m**2 + 4*m - 2*m - 4*m + 4*m**2. Let p be h(-3). Let x(n) = n + 14. Let y be x(p). Calculate the greatest common factor of y and 6.
2
Suppose 0 = 10*g - 735 - 105. Calculate the greatest common factor of g and 63.
21
Suppose -145 + 10 = -y. Suppose -3*v + 60 = 3*q, q + 6 = 5*v - 4. Calculate the greatest common factor of y and q.
15
Suppose -o - 3*p = -6*o + 25, 4*p + 26 = 3*o. What is the highest common factor of 22 and o?
2
Suppose 0 = -y + f + 34, -3*y + 144 - 30 = f. Calculate the highest common divisor of 407 and y.
37
Let f = 8 - 5. Let l(n) = -f*n + 0*n + 2*n - 4 + 5*n**2. Let x be l(4). Calculate the highest common factor of x and 8.
8
Let r(w) = -99*w**3 + w**2 + 2*w + 1. Let v be r(-1). Calculate the highest common factor of 11 and v.
11
Suppose -3*i = -9*i + 798. Let f be ((-1)/2)/((-2)/8). Suppose -o = f*k - i, 6*o + 12 = 2*o. What is the highest common divisor of k and 17?
17
Let a(i) = -9*i + 11. Let y be a(-13). What is the greatest common factor of y and 32?
32
Suppose 18 = 3*h + 3*b, 4*b = -5*h + 25 + 7. Suppose 0 = p + 3 - h. Suppose 28 = -5*j + 228. Calculate the highest common factor of p and j.
5
Suppose -4*h - 35 = h. Let r(p) = 4*p - 3. Let f be r(-6). Let q = h - f. Calculate the greatest common factor of 8 and q.
4
Suppose 1 = k - 11. Let p(y) = 2*y**2 - 4*y + 2. Let v be p(7). Calculate the highest common divisor of k and v.
12
Let j(t) = t**3 - 7*t**2 + 5*t. Let c be j(6). Let d = 52 + c. Let s be (-2)/6 - d/(-3). Calculate the highest common factor of 3 and s.
3
Let i(f) = 2*f**3 - 8*f**2 + 8*f + 2. Let h be i(4). What is the greatest common divisor of 51 and h?
17
Suppose -3*v + 1 = -5. Suppose -a + v*a = 2*w - 37, -w + 26 = -2*a. Let h be (2/(-8))/((-2)/w). Calculate the highest common factor of 3 and h.
1
Suppose 0 = 2*g - 2 - 4. Suppose 1 = -2*p - 1. Let u be (p - 2)/g + 10. Calculate the highest common factor of 3 and u.
3
Suppose 10*x - 14*x + 36 = 0. Calculate the highest common divisor of 36 and x.
9
Let q = -5 + 8. Let g(k) = 7*k**3 - 3*k**2 - k + 1. Let w be g(q). What is the highest common diviso